
What are the prime factors of 82324?
2, 11, 1871
List the prime factors of 44469.
3, 61
What are the prime factors of 18891?
3, 2099
List the prime factors of 7580.
2, 5, 379
What are the prime factors of 145?
5, 29
What are the prime factors of 15?
3, 5
What are the prime factors of 14820?
2, 3, 5, 13, 19
List the prime factors of 5840.
2, 5, 73
What are the prime factors of 5807?
5807
What are the prime factors of 17466?
2, 3, 41, 71
What are the prime factors of 167074?
2, 83537
List the prime factors of 1791.
3, 199
What are the prime factors of 5904?
2, 3, 41
List the prime factors of 1185.
3, 5, 79
What are the prime factors of 3593?
3593
What are the prime factors of 15018?
2, 3, 2503
What are the prime factors of 763?
7, 109
What are the prime factors of 105729?
3, 13, 2711
What are the prime factors of 59704?
2, 17, 439
List the prime factors of 5602.
2, 2801
List the prime factors of 8566.
2, 4283
What are the prime factors of 725?
5, 29
List the prime factors of 3326.
2, 1663
What are the prime factors of 65815?
5, 13163
What are the prime factors of 95?
5, 19
What are the prime factors of 515?
5, 103
List the prime factors of 3746.
2, 1873
List the prime factors of 771.
3, 257
List the prime factors of 1313.
13, 101
What are the prime factors of 455?
5, 7, 13
List the prime factors of 45660.
2, 3, 5, 761
What are the prime factors of 11196?
2, 3, 311
What are the prime factors of 5004?
2, 3, 139
What are the prime factors of 6561?
3
What are the prime factors of 12815?
5, 11, 233
What are the prime factors of 630?
2, 3, 5, 7
List the prime factors of 45734.
2, 13, 1759
List the prime factors of 99003.
3, 61, 541
List the prime factors of 2729.
2729
List the prime factors of 7237.
7237
List the prime factors of 3764.
2, 941
What are the prime factors of 80735?
5, 67, 241
What are the prime factors of 45954?
2, 3, 23, 37
List the prime factors of 12677.
7, 1811
What are the prime factors of 4132?
2, 1033
List the prime factors of 8844.
2, 3, 11, 67
What are the prime factors of 21388?
2, 5347
What are the prime factors of 578?
2, 17
List the prime factors of 3173.
19, 167
List the prime factors of 33690.
2, 3, 5, 1123
List the prime factors of 60598.
2, 41, 739
List the prime factors of 5471.
5471
What are the prime factors of 53923?
53923
What are the prime factors of 20730?
2, 3, 5, 691
List the prime factors of 1603.
7, 229
List the prime factors of 887.
887
What are the prime factors of 7490?
2, 5, 7, 107
List the prime factors of 2467.
2467
List the prime factors of 666.
2, 3, 37
What are the prime factors of 400?
2, 5
What are the prime factors of 6474?
2, 3, 13, 83
List the prime factors of 3930.
2, 3, 5, 131
What are the prime factors of 9094?
2, 4547
What are the prime factors of 2133?
3, 79
What are the prime factors of 16263?
3, 13, 139
What are the prime factors of 41656?
2, 41, 127
List the prime factors of 404.
2, 101
What are the prime factors of 2003?
2003
List the prime factors of 1193.
1193
List the prime factors of 117.
3, 13
List the prime factors of 2797.
2797
List the prime factors of 168040.
2, 5, 4201
List the prime factors of 2503.
2503
What are the prime factors of 995?
5, 199
List the prime factors of 111437.
47, 2371
List the prime factors of 5182.
2, 2591
List the prime factors of 10530.
2, 3, 5, 13
What are the prime factors of 8405?
5, 41
List the prime factors of 8043.
3, 7, 383
List the prime factors of 21061.
21061
List the prime factors of 69889.
47, 1487
What are the prime factors of 16124?
2, 29, 139
What are the prime factors of 2660?
2, 5, 7, 19
List the prime factors of 3157.
7, 11, 41
List the prime factors of 139953.
3, 11, 4241
List the prime factors of 38650.
2, 5, 773
What are the prime factors of 197?
197
List the prime factors of 383.
383
What are the prime factors of 29621?
19, 1559
List the prime factors of 10890.
2, 3, 5, 11
List the prime factors of 1459.
1459
List the prime factors of 2365.
5, 11, 43
What are the prime factors of 3083?
3083
List the prime factors of 1100.
2, 5, 11
What are the prime factors of 6470?
2, 5, 647
What are the prime factors of 89746?
2, 23, 1951
What are the prime factors of 107569?
7, 11, 127
What are the prime factors of 679?
7, 97
What are the prime factors of 7642?
2, 3821
List the prime factors of 26974.
2, 13487
What are the prime factors of 47274?
2, 3, 7879
List the prime factors of 5199.
3, 1733
List the prime factors of 483.
3, 7, 23
What are the prime factors of 6522?
2, 3, 1087
List the prime factors of 99486.
2, 3, 5527
What are the prime factors of 1173?
3, 17, 23
What are the prime factors of 155?
5, 31
List the prime factors of 24859.
24859
List the prime factors of 12181.
13, 937
List the prime factors of 73783.
73783
What are the prime factors of 1027?
13, 79
What are the prime factors of 10286?
2, 37, 139
What are the prime factors of 1810?
2, 5, 181
What are the prime factors of 63292?
2, 15823
List the prime factors of 3401.
19, 179
List the prime factors of 1266.
2, 3, 211
What are the prime factors of 110?
2, 5, 11
What are the prime factors of 1264?
2, 79
What are the prime factors of 1010?
2, 5, 101
What are the prime factors of 962?
2, 13, 37
List the prime factors of 101770.
2, 5, 10177
What are the prime factors of 22577?
107, 211
List the prime factors of 2543.
2543
List the prime factors of 15595.
5, 3119
What are the prime factors of 831?
3, 277
List the prime factors of 281.
281
List the prime factors of 1033.
1033
List the prime factors of 163524.
2, 3, 13627
List the prime factors of 46371.
3, 13, 29, 41
What are the prime factors of 21526?
2, 47, 229
List the prime factors of 24280.
2, 5, 607
What are the prime factors of 3271?
3271
List the prime factors of 2508.
2, 3, 11, 19
List the prime factors of 27799.
27799
What are the prime factors of 1181?
1181
List the prime factors of 16400.
2, 5, 41
What are the prime factors of 4793?
4793
List the prime factors of 38328.
2, 3, 1597
What are the prime factors of 40645?
5, 11, 739
List the prime factors of 941.
941
What are the prime factors of 2360?
2, 5, 59
What are the prime factors of 3120?
2, 3, 5, 13
What are the prime factors of 4735?
5, 947
List the prime factors of 5162.
2, 29, 89
What are the prime factors of 1076?
2, 269
List the prime factors of 17426.
2, 8713
List the prime factors of 7172.
2, 11, 163
List the prime factors of 944.
2, 59
What are the prime factors of 934?
2, 467
What are the prime factors of 53232?
2, 3, 1109
List the prime factors of 2189.
11, 199
What are the prime factors of 4781?
7, 683
List the prime factors of 405.
3, 5
What are the prime factors of 5159?
7, 11, 67
What are the prime factors of 4379?
29, 151
What are the prime factors of 20025?
3, 5, 89
What are the prime factors of 36122?
2, 18061
What are the prime factors of 23792?
2, 1487
List the prime factors of 18867.
3, 19, 331
What are the prime factors of 1358?
2, 7, 97
List the prime factors of 60246.
2, 3, 3347
What are the prime factors of 432?
2, 3
List the prime factors of 3852.
2, 3, 107
List the prime factors of 4370.
2, 5, 19, 23
What are the prime factors of 24597?
3, 911
What are the prime factors of 5324?
2, 11
What are the prime factors of 1326?
2, 3, 13, 17
List the prime factors of 7026.
2, 3, 1171
List the prime factors of 2342.
2, 1171
List the prime factors of 11664.
2, 3
List the prime factors of 164064.
2, 3, 1709
List the prime factors of 3063.
3, 1021
What are the prime factors of 54660?
2, 3, 5, 911
List the prime factors of 58387.
7, 19, 439
List the prime factors of 2781.
3, 103
List the prime factors of 868.
2, 7, 31
List the prime factors of 269.
269
List the prime factors of 18156.
2, 3, 17, 89
List the prime factors of 389.
389
What are the prime factors of 61753?
37, 1669
List the prime factors of 3212.
2, 11, 73
What are the prime factors of 735?
3, 5, 7
What are the prime factors of 85983?
3, 28661
List the prime factors of 3757.
13, 17
List the prime factors of 2515.
5, 503
What are the prime factors of 14020?
2, 5, 701
What are the prime factors of 10502?
2, 59, 89
What are the prime factors of 643?
643
What are the prime factors of 8725?
5, 349
List the prime factors of 2458.
2, 1229
List the prime factors of 35849.
11, 3259
List the prime